t is the thousands digit of 1412482?
2
What is the tens digit of 11496828?
2
What is the ten thousands digit of 79259?
7
What is the units digit of 1244997?
7
What is the ten thousands digit of 987924?
8
What is the tens digit of 1135650?
5
What is the hundreds digit of 3466995?
9
What is the thousands digit of 1591923?
1
What is the hundreds digit of 306631?
6
What is the hundred thousands digit of 253022?
2
What is the thousands digit of 64815?
4
What is the hundred thousands digit of 238898?
2
What is the millions digit of 14603982?
4
What is the tens digit of 5662102?
0
What is the ten thousands digit of 886901?
8
What is the ten millions digit of 11374074?
1
What is the thousands digit of 15562317?
2
What is the tens digit of 2425305?
0
What is the thousands digit of 6318328?
8
What is the ten thousands digit of 486966?
8
What is the ten thousands digit of 24775?
2
What is the thousands digit of 17139?
7
What is the ten thousands digit of 7907535?
0
What is the units digit of 3892246?
6
What is the hundreds digit of 106105?
1
What is the millions digit of 1359263?
1
What is the tens digit of 18645247?
4
What is the tens digit of 37956?
5
What is the tens digit of 33438365?
6
What is the hundreds digit of 835985?
9
What is the thousands digit of 40299?
0
What is the ten thousands digit of 139508?
3
What is the thousands digit of 1096811?
6
What is the tens digit of 881687?
8
What is the tens digit of 208742?
4
What is the units digit of 12191?
1
What is the thousands digit of 1528919?
8
What is the thousands digit of 631826?
1
What is the millions digit of 16230045?
6
What is the ten thousands digit of 459629?
5
What is the thousands digit of 127515?
7
What is the tens digit of 288866?
6
What is the millions digit of 1362673?
1
What is the hundreds digit of 253914?
9
What is the thousands digit of 16437?
6
What is the hundred thousands digit of 23484803?
4
What is the thousands digit of 93144?
3
What is the units digit of 370002?
2
What is the units digit of 718311?
1
What is the hundreds digit of 23104706?
7
What is the ten thousands digit of 771507?
7
What is the ten millions digit of 22055118?
2
What is the units digit of 2186292?
2
What is the tens digit of 14665160?
6
What is the thousands digit of 7341957?
1
What is the tens digit of 426153?
5
What is the thousands digit of 9774581?
4
What is the units digit of 199908?
8
What is the hundred thousands digit of 700752?
7
What is the units digit of 5861352?
2
What is the thousands digit of 537855?
7
What is the units digit of 3151457?
7
What is the thousands digit of 244332?
4
What is the units digit of 2091256?
6
What is the hundred thousands digit of 1566278?
5
What is the hundreds digit of 451786?
7
What is the units digit of 2396?
6
What is the thousands digit of 434868?
4
What is the units digit of 2319772?
2
What is the hundreds digit of 1582937?
9
What is the hundreds digit of 14680?
6
What is the thousands digit of 2242744?
2
What is the ten thousands digit of 1350328?
5
What is the hundred thousands digit of 1480346?
4
What is the units digit of 634092?
2
What is the hundred thousands digit of 976051?
9
What is the tens digit of 15088362?
6
What is the tens digit of 1798035?
3
What is the millions digit of 1400346?
1
What is the tens digit of 1682304?
0
What is the ten thousands digit of 345439?
4
What is the thousands digit of 5943859?
3
What is the ten thousands digit of 491837?
9
What is the units digit of 24766248?
8
What is the units digit of 258909?
9
What is the hundreds digit of 24150282?
2
What is the hundred thousands digit of 408089?
4
What is the hundreds digit of 193917?
9
What is the hundred thousands digit of 246268?
2
What is the hundred thousands digit of 773386?
7
What is the units digit of 32057?
7
What is the thousands digit of 295758?
5
What is the units digit of 575385?
5
What is the hundreds digit of 103676?
6
What is the millions digit of 6897184?
6
What is the millions digit of 20343304?
0
What is the hundred thousands digit of 3614286?
6
What is the ten thousands digit of 1228003?
2
What is the tens digit of 437681?
8
What is the units digit of 399111?
1
What is the units digit of 2259765?
5
What is the tens digit of 4797469?
6
What is the hundred thousands digit of 250404?
2
What is the units digit of 91030?
0
What is the hundreds digit of 523457?
4
What is the units digit of 227906?
6
What is the millions digit of 2154446?
2
What is the thousands digit of 13053053?
3
What is the ten thousands digit of 115897?
1
What is the hundred thousands digit of 554765?
5
What is the units digit of 25322367?
7
What is the hundred thousands digit of 276103?
2
What is the thousands digit of 1280096?
0
What is the hundreds digit of 4645926?
9
What is the hundreds digit of 647964?
9
What is the thousands digit of 1006664?
6
What is the hundred thousands digit of 2999224?
9
What is the hundred thousands digit of 623794?
6
What is the hundred thousands digit of 10537633?
5
What is the hundred thousands digit of 782490?
7
What is the thousands digit of 280984?
0
What is the tens digit of 5660148?
4
What is the thousands digit of 7743603?
3
What is the tens digit of 139779?
7
What is the ten thousands digit of 1309816?
0
What is the hundreds digit of 5918?
9
What is the thousands digit of 6950949?
0
What is the hundreds digit of 322610?
6
What is the ten thousands digit of 348123?
4
What is the ten thousands digit of 5998249?
9
What is the tens digit of 23675?
7
What is the hundred thousands digit of 299741?
2
What is the thousands digit of 809350?
9
What is the units digit of 119964?
4
What is the hundred thousands digit of 233756?
2
What is the thousands digit of 87633?
7
What is the thousands digit of 31466113?
6
What is the ten thousands digit of 8454425?
5
What is the ten thousands digit of 305841?
0
What is the tens digit of 28953533?
3
What is the hundred thousands digit of 355895?
3
What is the hundred thousands digit of 4328181?
3
What is the thousands digit of 27208805?
8
What is the hundred thousands digit of 168948?
1
What is the units digit of 541179?
9
What is the ten thousands digit of 69146?
6
What is the millions digit of 25555730?
5
What is the units digit of 1738378?
8
What is the ten thousands digit of 802571?
0
What is the units digit of 90115?
5
What is the hundred thousands digit of 221990?
2
What is the thousands digit of 252772?
2
What is the hundred thousands digit of 2019237?
0
What is the tens digit of 34490822?
2
What is the hundreds digit of 54757?
7
What is the thousands digit of 24567381?
7
What is the ten millions digit of 20381376?
2
What is the millions digit of 9607718?
9
What is the units digit of 848991?
1
What is the hundreds digit of 31203074?
0
What is the tens digit of 2402922?
2
What is the thousands digit of 351418?
1
What is the thousands digit of 6477506?
7
What is the thousands digit of 4152916?
2
What is the millions digit of 5532769?
5
What is the hundreds digit of 254532?
5
What is the millions digit of 4073503?
4
What is the ten millions digit of 38264514?
3
What is the ten thousands digit of 223775?
2
What is the tens digit of 38329?
2
What is the hundreds digit of 766209?
2
What is the hundreds digit of 542478?
4
What is the hundred thousands digit of 2401743?
4
What is the millions digit of 8653622?
8
What is the units digit of 482069?
9
What is the thousands digit of 2585676?
5
What is the ten thousands digit of 501236?
0
What is the thousands digit of 32792405?
2
What is the units digit of 669665?
5
What is the ten thousands digit of 230593?
3
What is the tens digit of 10233387?
8
What is the thousands digit of 126058?
6
What is the ten thousands digit of 20379597?
7
What is the millions digit of 4357813?
4
What is the units digit of 204814?
4
What is the hundred thousands digit of 492449?
4
What is the units digit of 76903?
3
What is the thousands digit of 933175?
3
What is the hundred thousands digit of 297476?
2
What is the tens digit of 111243?
4
What is the thousands digit of 482156?
2
What is the thousands digit of 4004109?
4
What is the thousands digit of 17244192?
4
What is the ten thousands digit of 944389?
4
What is the units digit of 153450?
0
What is the thousands digit of 8046086?
6
What is the hun